pose 65*h + 6120 - 181425 = 0. Calculate the highest common factor of 87 and h.
87
Suppose -5*x + 47*t - 52*t + 160 = 0, 5*t = -3*x + 88. Calculate the highest common factor of x and 1044.
36
Suppose 0 = 3*f - 5*f + 3*j + 16, -32 = -4*f - 3*j. Suppose -242 = 6*u - 482. What is the greatest common factor of f and u?
8
Let p = 27 - 22. Suppose s = -4*s + m + 26, 0 = 4*s - p*m - 25. Suppose s*b + j = 15, -b - 5*j - 29 = -8. Calculate the greatest common factor of 6 and b.
2
Suppose 4*n - 4*u = 4108, 2*u = -4*n + 7*n - 3080. What is the greatest common divisor of n and 38?
38
Suppose 4*r = 4*a - 325 + 93, 242 = 4*a - 2*r. Let k(t) = -t**3 - 9*t**2 + 12*t + 38. Let b be k(-10). Calculate the greatest common divisor of a and b.
9
Let d(n) = -n**2 - 6*n + 2. Let s be d(-6). What is the highest common factor of 112 and s?
2
Let j(a) = a**2 - 7*a - 15. Let r be j(-5). Calculate the greatest common factor of 315 and r.
45
Let i be (-8)/(-4)*(-3)/6. Let m be 52*(0 - i - 3/(-2)). Let a be 3/(-2)*(-52)/3. Calculate the highest common divisor of a and m.
26
Suppose -554 = -7*c + 342. Calculate the highest common factor of 10 and c.
2
Suppose -6*x - 23 = -71. Let r(k) = k**2 - 9*k + 13. Let a be r(x). Calculate the greatest common factor of a and 15.
5
Suppose -3*v + 7 = -26. Let j = 9 + v. Let x = 160 + -100. What is the highest common factor of j and x?
20
Let q be ((8 - 1) + 1)*(-7)/(-4). Let l be q/5 + -3 - 558/(-15). What is the highest common divisor of l and 111?
37
Suppose 112625 = 330*p - 277*p. Calculate the greatest common factor of p and 85.
85
Suppose -54*d + 64*d - 390 = 0. What is the greatest common divisor of 273 and d?
39
Suppose 2879*h - 2877*h = 1470. Calculate the highest common factor of 21 and h.
21
Let t be (-5 - 6)*(-1 + 0). Calculate the highest common factor of t and 209.
11
Suppose 0 = -s - s + 24. Suppose 0 = -4*z + 86 + 38. Suppose 2*m - z = -15. What is the greatest common divisor of s and m?
4
Suppose g = 70 + 130. Suppose -s = -3*s - 3*r + 96, -4*s - 4*r = -g. Calculate the greatest common divisor of s and 18.
18
Suppose -26*g - 15 = -27*g. Suppose 0 = -4*i - 17 - g. Let k be (4 - i*2) + 4. What is the greatest common divisor of k and 12?
12
Suppose 2 = -5*c + 12, -2*c + 37 = 3*k. Let m(r) = 2*r**3 - 12*r**2 + 4*r - 13. Let b be m(6). What is the highest common factor of k and b?
11
Let k = 10 - -5. Suppose 0*q - 3*o = -2*q - 21, 2*o - 4 = -2*q. Let p be 1/(942/(-315) - q). What is the highest common factor of k and p?
15
Suppose 93 + 3 = 4*v. Let i(t) = t**3 - 11*t**2 + 20*t - 4. Let b be i(10). Calculate the highest common factor of v and b.
24
Suppose -3*y = 5*y - 952. Calculate the greatest common divisor of 14 and y.
7
Let c(q) = -q - 2. Let o be c(-4). Suppose 16 = 2*p + o. What is the greatest common factor of 35 and p?
7
Let j be (15645/(-25))/(-7) + (-6)/(-10). What is the greatest common divisor of j and 60?
30
Let h(i) = i**3 - i**2 + 4. Let j be 0/(-3)*2/6. Let z be h(j). Suppose 2*s - z*s + 14 = 0. What is the highest common factor of s and 14?
7
Suppose -2*s + 12 = -2*g, -3*s - s - 2*g = -48. Suppose -2*c - 3*n + 172 = n, -15 = -5*n. Calculate the greatest common divisor of s and c.
10
Let l(j) = 6*j**2 + 3*j - 7. Let o be l(2). What is the highest common factor of o and 115?
23
Let q(s) = s**2 - 2*s + 14. Let b be q(0). Let w(a) = -b + 4*a**2 + 10*a + 10*a - 28*a. Let d be w(-5). Calculate the highest common factor of d and 18.
18
Suppose -2*d + 4*d - 20 = 0. Let g be 6/(-14) - (352/77 - 6). What is the greatest common factor of d and g?
1
Suppose 2*z - 20 = 28. Let n = 51 - 41. Suppose 2*p + 3 = 5*h, -h - 1 = p - n. Calculate the greatest common divisor of z and p.
6
Suppose 23*i - 16*i = 406. Suppose -3*d + 580 = d. What is the greatest common factor of d and i?
29
Let q(z) = 3*z**2 + 7*z + 10. Let i be q(-5). Suppose -4*a + 38 = -i. Calculate the highest common factor of 66 and a.
22
Suppose 4*r + 38 = 7*r - 4*t, -2*t = -8. Calculate the highest common divisor of r and 18.
18
Suppose 0*x = -x + 133. Let y be (-6 - (-4)/1) + 4. Suppose 0 = 4*k - 20, -y + 3 = -o + 4*k. Calculate the highest common factor of x and o.
19
Let j be (-6)/4*(-13 + 11). Let l = -25 + 13. Let y(i) = i**2 + 12*i + 3. Let w be y(l). Calculate the greatest common factor of w and j.
3
Let t(o) be the second derivative of o**4/12 - 7*o**3/6 - 27*o**2/2 - 44*o. Let x be t(11). What is the greatest common factor of x and 17?
17
Let p(u) = 8*u - 24. Let k be p(5). Suppose -i = -2*c - 10 - 22, -3*c - 160 = -5*i. Calculate the highest common divisor of i and k.
16
Let r = -112 + 139. What is the highest common factor of 63 and r?
9
Suppose -d = n + 4, 3*n + 2*d + 10 = 2. Suppose -v - 124 - 145 = -2*c, -5*c - 2*v + 677 = n. Calculate the highest common factor of 15 and c.
15
Suppose 17*n - 279 = 8*n. Let q = 81 - n. Calculate the greatest common divisor of 125 and q.
25
Let y(u) = -u**2 + 9*u + 58. Let s be y(13). Let l(k) = 6 - 2*k**2 - 2*k**2 + k**3 - 1. Let x be l(5). What is the highest common divisor of x and s?
6
Suppose -7*j + 243 = -142. What is the greatest common divisor of j and 44?
11
Let p(u) = u**2 + 4*u + 26. Let t be p(0). Let k = -11 - -8. Let m be t/(-6)*(k + 0). Calculate the highest common divisor of m and 65.
13
Let a be 3/6*(19 - -3). What is the highest common divisor of a and 22?
11
Suppose 26*x - 29*x = 69. Let t = x - -28. Suppose -t*w + 1005 = 345. Calculate the highest common divisor of w and 12.
12
Let f(y) = -16*y - 20. Let k be f(-17). Calculate the highest common factor of k and 36.
36
Suppose 0 = -33*p + 1383 - 327. What is the greatest common factor of p and 224?
32
Let z be (188 - -1) + 1 + 17 + -21. What is the highest common divisor of 12 and z?
6
Let q be (0/6)/(4/2). Let i = q + 1. Let j = 15 + i. What is the greatest common divisor of j and 4?
4
Suppose -w + 21 = -0*w. Suppose w = -g + 34. What is the greatest common factor of 52 and g?
13
Suppose 2*v - 13*f + 8*f = 12, 18 = 3*v + 2*f. What is the highest common divisor of v and 22?
2
Let h be (0 + -3)/((-51)/187). Calculate the highest common divisor of h and 1034.
11
Suppose 51*z - 4032 = -5*z. Calculate the highest common factor of 54 and z.
18
Let h = -8 - 2. Let t be (25/h + 3)*26. Calculate the highest common factor of t and 52.
13
Let b be 63/(-35) + 196/20. Let k be 6/(11/8 - 1). Suppose -k + 56 = 2*r. Calculate the greatest common divisor of b and r.
4
Let d be (22/(-3))/(0 - (-3)/9). Let f = 113 + d. What is the greatest common factor of 26 and f?
13
Suppose -2*q + 11 = f, -2*f + 12 - 2 = 2*q. Let o(h) = 7 - h**2 + 9*h + 0*h**2 - 13. Let d be o(q). Calculate the greatest common factor of 6 and d.
6
Suppose 2*z = -3*i + 81, z + 11 = i - 16. Calculate the greatest common divisor of 33 and i.
3
Suppose -223 = -3*z + 5*o, -4*z + 2*o - 10 = -284. What is the highest common divisor of 150 and z?
6
Let g(o) = o + 5. Let m be g(-2). Let k = m - -36. Calculate the greatest common factor of 26 and k.
13
Let s = -195 + 210. Let t be 4/14 - (-264)/7. Suppose t + 22 = k. What is the highest common divisor of k and s?
15
Let j be 4368/176 + (-4)/(-22). What is the greatest common divisor of j and 175?
25
Let x(g) = g**3 + g**2 - g. Let u be x(3). Suppose 92*f - 87*f = 495. What is the greatest common factor of f and u?
33
Let h = -327 - -350. Suppose 1268 = 3*z - 4*f, f = -z - 2*f + 440. Let c = z - 198. What is the highest common factor of c and h?
23
Suppose 8*p + 7 = 343. Suppose 0 = 4*f + f - 30. Calculate the greatest common factor of p and f.
6
Let z(s) = -2*s - 7 + 1 + 0 + 12. Let q be z(2). Calculate the greatest common divisor of q and 2.
2
Suppose 5*j - 5*z = 20, -2*z = j - 0*z - 4. Suppose -2*k = 2*k - 3*r - 29, -2*k - 4*r = 2. Let y = 7 - k. Calculate the highest common divisor of y and j.
2
Suppose 2*s - 55 = -5*w + 35, -5*w + 210 = 5*s. Let u be (-4)/22 + (-7514)/(-187). What is the highest common divisor of s and u?
40
Let o be 9/21 - 249/(-7). Suppose -106 = -m - 5*s, 5*s - 10 + 30 = 0. What is the highest common divisor of o and m?
18
Let d(z) = -28*z - 24. Suppose 5*s + 8 = 4*s. Let w be d(s). What is the greatest common factor of 25 and w?
25
Let y be 2 + 30 + (12/(-4))/1. Let u = -284 + 487. What is the greatest common divisor of u and